6 = 0. What is the remainder when (-355)/(-7) + (-4)/(-14) is divided by q?
15
Suppose 2*t + 2*y = 2, -4*y = t - 2 - 2. Suppose -2*b - 5 + 13 = t. Let z(v) = v**3 - v**2 + 5. Calculate the remainder when z(0) is divided by b.
1
Let f = -96 + 74. Let g = f - -32. Calculate the remainder when 36 is divided by g.
6
Let j(n) = n**3 + 7*n**2 + n - 7. What is the remainder when 256 is divided by j(-3)?
22
Let g(r) = -r**3 + 10*r**2 - 11*r - 3. Suppose -o - 4*h = -15, -4*h - 3 + 37 = 2*o. What is the remainder when g(6) is divided by o?
18
Suppose y - 1 = 188. Suppose 0 = -5*t + 5*n + 94 + 41, 2*n = -t + 42. What is the remainder when y is divided by t?
29
Calculate the remainder when 63 is divided by (-610)/(-18) + (-56)/(-504).
29
Suppose 4*d + 66 = 2*j, -d = -5*j + 94 + 80. Suppose 120 = 4*b - z - 283, 507 = 5*b + 2*z. What is the remainder when b is divided by j?
31
Let f = 115 - 67. Suppose -u = -4*r + 172, -2*r = 2*u - 28 - f. What is the remainder when (266/r)/(1/3) is divided by 7?
5
Suppose -a + 34 = a. Suppose -112 = -5*x - a. What is the remainder when 73 is divided by x?
16
Calculate the remainder when (13/52)/((-2)/(-904)) is divided by ((-609)/105)/(1/(-5)).
26
Suppose a = 2*n - 7, 2*a - 1 = n - 3*a. Calculate the remainder when 114 is divided by n.
2
Let s(l) = -19*l + 7. Let d be s(-2). Let i = -32 + d. What is the remainder when 34 is divided by i?
8
Suppose 0 = 2*h + 4*r - 18, h - 3*r = 2*h - 10. Let o(i) = -i**2 - 3 - 3 + 3 - 2 - 9*i. What is the remainder when h is divided by o(-8)?
1
Suppose -20*q = -526 - 294. What is the remainder when 94 is divided by q?
12
Calculate the remainder when 54*(-2 - 64/(-6)) - 2 is divided by 39.
37
Let u = 370 - 283. What is the remainder when u is divided by 22?
21
Suppose 70 = -b + 2*g - 19, -172 = 2*b - g. Let k(f) = -4*f**2 + 4*f - 2. Let r be k(4). Let s = r - b. Calculate the remainder when s is divided by 18.
17
Suppose 37 = 3*g + x, 3*g - x - 37 - 4 = 0. Suppose b + 3*h + g = 0, -h = -5*b + h + 20. Suppose 4*d + 5 = 13. Calculate the remainder when b is divided by d.
0
Suppose -4*s + 2488 = 4*s. Calculate the remainder when s is divided by 26.
25
Calculate the remainder when (6/(-10) + 682/(-155))*-12 is divided by 22.
16
Suppose p - 4*q - 54 = 0, -74 = -5*p + 5*q + 166. Suppose -8*l + 58 = -p. What is the remainder when 23 is divided by l?
10
Suppose 5*s - 5*m + 8 = s, 5*m - 29 = -3*s. Suppose 3*a = -3*p, -s*p = 5*a - a - 3. Calculate the remainder when 3 is divided by a.
0
Let i = -266 + 271. Let r(m) = m**2 - 3*m - 2. Calculate the remainder when r(5) is divided by i.
3
Let t be -2 + -2 - (1 + 13). Let m = -21 - t. Let a = m - -11. Calculate the remainder when 23 is divided by a.
7
Let s = 4 - -12. What is the remainder when s is divided by (0 + 9/(-9))*-5?
1
Suppose -i - 4*i = 230. Let x = i + 86. Let y(d) = d**3 - 10*d**2 - 10*d + 1. What is the remainder when x is divided by y(11)?
4
Suppose -5*l + 107 - 42 = 0. Calculate the remainder when 2584/108 - (-1 + 250/270) is divided by l.
11
Let v(h) = -4*h + 19. What is the remainder when 281 is divided by v(0)?
15
Let k = 13 - -13. Let j = 11 + k. What is the remainder when j is divided by 13?
11
Let d(i) = -201*i. Let s be d(1). What is the remainder when s/(-7) - (-6)/21 is divided by 10?
9
Let n be 8*((-3)/6 + 1). Suppose -5*s = -n*i + 303, 0 = -2*i - s + 2*s + 153. Calculate the remainder when i is divided by 20.
17
Suppose 28*g = 26*g - 504. What is the remainder when 33 is divided by ((-2)/(-4))/((-7)/g)?
15
Suppose -5*l + 2*t = 12, 3*l + t + 9 = -2*l. What is the remainder when 11 is divided by 1*(4 + l + 1)?
2
What is the remainder when 1 + (-36)/28 + (-1236)/(-14) is divided by 20?
8
Let k(a) = a + 4. Let o be k(-5). Let j(s) = -s**3 + 5*s**2 - 2*s - 5. Let i be j(4). What is the remainder when (-2 + o)/i*-4 is divided by 2?
0
Suppose 9 = 2*k - 45. Let r = -7 - -11. Suppose -r*w + 236 = 32. What is the remainder when w is divided by k?
24
Let s = -42 - -75. Let d = s + -25. Suppose -d*u + 28 = -6*u. Calculate the remainder when u is divided by 8.
6
Let s(m) = -m**2 - 4*m + 7. Let i be s(-5). Suppose -r = 4*g + 2*r - 232, 4*r - 106 = -i*g. What is the remainder when g is divided by (12/(-10))/(9/(-120))?
13
Suppose 0 = -4*y + 3*y + 3. Suppose 3*l = -9, -l = -y*b + 3*l - 36. Let z = -2 - b. Calculate the remainder when 25 is divided by z.
11
Let q(o) = -2*o**2 + 8*o + 57. Calculate the remainder when 329 is divided by q(7).
14
What is the remainder when 216 is divided by 93/(-2)*(-6)/9?
30
Let o = 105 - 82. Calculate the remainder when 320 is divided by o.
21
Suppose -3*f - 57 - 36 = 0. Let j = -6 - f. Suppose 2*u - 38 = -t, -t - 3*u + 268 = 235. What is the remainder when t is divided by j?
23
Let l(f) = -f**3 - 9*f**2 - 20*f - 1. Suppose 5*i - 53 = 5*p + 142, 0 = p. Calculate the remainder when i is divided by l(-6).
6
Let c(y) = 4*y**2 - 15*y + 9. Calculate the remainder when c(4) is divided by 9.
4
Let q = -41 - -830. What is the remainder when q is divided by 5?
4
Let s be 4/10*(-130)/(-13). Suppose s = 10*t - 6*t. Suppose -x = t - 4, 0 = -g - 2*x + 29. What is the remainder when g is divided by 13?
10
Let n(j) = 8 + 9*j**3 - 10*j**3 - 3*j**2 - 4*j**3 - 4*j - 3*j**2. Calculate the remainder when n(-3) is divided by 8.
5
Let v(y) = -y**3 + 10*y**2 + 3*y - 8. Let b be v(10). Let c = -14 + b. Calculate the remainder when 15 is divided by c.
7
Let m = 69 - 67. Suppose 4*f + w = -m*w + 42, 3*w + 21 = 3*f. What is the remainder when f is divided by 4?
1
Calculate the remainder when (149/3)/(4/12) is divided by (-3)/12 + (-306)/(-8).
35
Calculate the remainder when (-12)/14 - 74793/(-749) is divided by 17.
14
Let g(i) = i**2 + 2*i - 27. What is the remainder when 79 is divided by g(-7)?
7
Let u(j) = 4 - 5*j + 0*j + 7 + 4 + j**2. Let f be u(6). What is the remainder when 1413/f + (-2)/7 is divided by 23?
21
Let a = -270 + 408. What is the remainder when a is divided by 37?
27
Suppose 2201 + 175 = 24*h. Calculate the remainder when h is divided by 40.
19
Let u = 121 + -42. Calculate the remainder when 107 is divided by u.
28
Let j(p) = p**3 + 29*p**2 - 35*p - 19. Calculate the remainder when j(-30) is divided by 15.
11
Let n(y) = -y**3 - 6*y**2 - 10*y - 8. Let t = -1 + -4. Suppose h = -9 + 74. What is the remainder when h is divided by n(t)?
14
Let n(p) = 546*p**2 + 16*p + 17. Calculate the remainder when n(-1) is divided by 9.
7
Suppose 0 = -23*c + 26*c - 789. Calculate the remainder when c is divided by 22.
21
Let v = -14 + 49. Suppose y + 148 = -2*h - y, h + 54 = 4*y. Calculate the remainder when v is divided by h/(-6) + (-12)/(-36).
11
Let t = 34 - 16. Let b be -4 + 3 + 1 + 3. What is the remainder when t is divided by (-2)/b + (-64)/(-6)?
8
Let n(p) = 12*p + 28. What is the remainder when n(-1) is divided by 11?
5
Let v = 43 + -26. Suppose -4*z = f - v, 0*f = 3*f - 3. What is the remainder when 11 is divided by z?
3
Let g be ((-28)/(-35))/((-2)/(-95)). Suppose -124 = -2*y + g. Suppose -4*w - 35 = -j, j - 4*w - y = -2*j. Calculate the remainder when j is divided by 12.
11
Suppose -54*z + 67*z = 247. Let n = -9 + 20. Calculate the remainder when z is divided by n.
8
Let j = 12 - 28. Let q = 21 + j. Suppose 6 = 2*z, -q*t = z - 102 - 21. Calculate the remainder when 94 is divided by t.
22
Suppose 0 = -5*w + 20, 6*n = 3*n - w - 14. Let g be (5/15)/(2/n). Let m = g - -3. What is the remainder when 5 is divided by m?
1
Let q be 4/6*(-3)/(-2). Suppose 50 = 10*y - 40. Let d = q + y. Calculate the remainder when 18 is divided by d.
8
Calculate the remainder when -13*((-18)/2 - -6) is divided by 11.
6
Let p = -5 + 13. Suppose p = g + 1. What is the remainder when 27 is divided by g?
6
Let s = 753 + -512. What is the remainder when s is divided by 83?
75
Let n(g) = g**2 - 2*g + 3. Let m be n(5). Suppose -s + m - 5 = 0. Calculate the remainder when 24/(10/75*5) is divided by s.
10
Let w(t) = 2*t + 15. Let g be w(0). Let y be (-228)/7*(1 - g). Calculate the remainder when 39 is divided by 4/(-30) - y/(-45).
9
Let d be -6*(3 - (-26)/(-4)). Suppose 142 = -20*n + d*n. Calculate the remainder when n is divided by 29.
26
Suppose 0 = y + r - 238, 4*r - 2*r = -3*y + 714. Calculate the remainder when y is divided by 11.
7
Let a be -3*(3 - 1 - 1).